3, 7
Let j = -9 - -11. Suppose 3*o - 87 = -3*b + 129, -5*b - j*o = -360. Suppose -x - x - b = -n, -x = 4*n - 315. List the prime factors of n.
2, 3, 13
Let j = 37063 - 15682. What are the prime factors of j?
3, 7127
Suppose s + 2*s + 201001 = 4*a, 2*s - 10 = 0. What are the prime factors of a?
2, 25127
Let s(f) = -3*f + 2. Let d be s(-2). Let k(p) = 2*p**3 - 12*p**2 + 7*p + 30. List the prime factors of k(d).
2, 3, 19
Let l = -56 - -58. Let g be 6/(-9) + (-995)/(-3) + l. Suppose 0 = 2*c - 2*h - 248, 0 = -5*c + 4*h + 284 + g. What are the prime factors of c?
11
Let k = 7461 - 2269. List the prime factors of k.
2, 11, 59
Let j(s) = 181*s**2 - 31 + 18*s + 13*s - 180*s**2. What are the prime factors of j(-33)?
5, 7
Let n = 13008 - 4517. List the prime factors of n.
7, 1213
Let g(p) = -11*p**3 + 2 + 3*p**3 + p**2 - 3 + p + p. Let z be -2*(-20 + 18)/(-2*1). List the prime factors of g(z).
3, 7
Let b = 1 - -3. Suppose -b*n - 2*i + 8 = 0, -4 - 8 = -4*n - 3*i. Suppose 5*j = -n*j + 200. What are the prime factors of j?
2, 5
Suppose -16922*l + 16900*l = -703956. List the prime factors of l.
2, 3, 5333
List the prime factors of ((-329)/(-14))/((-21321)/3046 - -7) + 6.
17, 4211
Suppose -166*p - 2665719 = -285*p. What are the prime factors of p?
3, 19, 131
Let f = -5776 - -15860. What are the prime factors of f?
2, 2521
Suppose 0 = -297*p + 303*p - 16884. List the prime factors of p.
2, 3, 7, 67
Suppose 282 = 3*p + 3*k, -6*p - k - 500 = -11*p. Let d(b) = -6*b**3 + 27*b**2 + 25*b - 47. Let r be d(5). Suppose n = p - r. List the prime factors of n.
2, 3
Suppose 10617 = 3*p - 5*g, 2*g = -p + 3887 - 326. What are the prime factors of p?
3, 7, 13
Let p be ((-8)/(-3))/(1/6*2). Suppose p*y - 12 = 68. What are the prime factors of (y - 12/(-3))*7?
2, 7
Suppose -2*a + 2*g - 9 + 47 = 0, 5*a - 2*g = 110. What are the prime factors of a?
2, 3
Let c be (-9 - -7)/((-2)/3). Let y(w) be the first derivative of w**3/3 + 3*w**2 - 6*w - 4. What are the prime factors of y(c)?
3, 7
Let q = -263 - -148. Let m = 189 + q. List the prime factors of m.
2, 37
Let r(l) be the third derivative of l**5/30 + 7*l**4/24 - 3*l**3/2 + 26*l**2. Let o be r(-6). Suppose c - o = 10. List the prime factors of c.
31
Let j(d) = 6*d**3 - 2*d**2 + d + 1. Let o be j(1). Suppose -u + 2*g + 346 = o*g, -5*u + 1747 = 3*g. List the prime factors of u.
2, 5, 7
Let q = 152 + -156. What are the prime factors of q*(-40)/(-128)*-924?
3, 5, 7, 11
Let u(g) = -222 + 195 + 292 + g. Suppose 0 = 9*c - 7*c. List the prime factors of u(c).
5, 53
Let d be (5 - 6 - (4 + -6))*0. Suppose d = 34*q - 11*q - 667. List the prime factors of q.
29
List the prime factors of (-3 - (-292545)/(-105))*(-1 + 76/(-8)).
2, 3, 1627
Suppose -2*u - 2*u = 16, -5*u = -4*l - 10908. Let n be (-3)/4 + l/32*-2. Let h = -70 + n. List the prime factors of h.
2, 5
List the prime factors of (-54)/(-3)*(-2472)/(104/(-13)).
2, 3, 103
Let q be 2/(-2)*1/((-6)/(-378)). Let l = 59 - q. What are the prime factors of l?
2, 61
Let a(f) be the first derivative of f**4/4 + f**3/3 + 3*f**2/2 - f - 17. Let r be a(2). Suppose -r*m + 20*m - 69 = 0. What are the prime factors of m?
23
Suppose 3*i - 29 = -4*b, 0 = -b - i + 10 - 2. Suppose b*m = -60 + 295. List the prime factors of m.
47
Let v = 760 - 25. Suppose 27*c - 24*c - v = 0. List the prime factors of c.
5, 7
Let q(h) = 147*h + 25. Let w be q(3). List the prime factors of w + 3*(-35)/21.
461
Suppose 1484 = 5*u - y - 1922, 0 = -2*u + 4*y + 1366. Suppose 3*l = 972 + u. List the prime factors of l.
19, 29
Let f be 4*(-15)/(-24)*4. Suppose -30 = -4*u + f. Suppose -135 + 5 = -u*q. What are the prime factors of q?
13
Let z be 18/72 - (1 + 3/12). List the prime factors of 653 - (z - 48/8).
2, 3, 5, 11
Let n be ((-1452)/6)/(3 - 1). Let i be (-1)/((4/12*3)/n). Suppose y = 2*h - i, -4*y = 7*h - 3*h - 224. List the prime factors of h.
59
Let r(h) = h**3 + 25*h**2 - 25*h + 63. Let k be r(-26). Suppose -3*m - 44064 = -k*m. What are the prime factors of m?
2, 3
Let t = 204 - 191. Suppose t*c = -c + 1134. What are the prime factors of c?
3
Suppose 28542 = 4*y - 2*x, -86*y - 7137 = -87*y + x. What are the prime factors of y?
2, 3, 29, 41
Let n = -71 + 64. Let s = n - -12. Suppose x - f - f = 84, 5*x + s*f - 375 = 0. List the prime factors of x.
2, 3, 13
Let v be 1004/6 + (-4)/(-6). Suppose 3*c + v - 468 = 0. List the prime factors of ((-7)/14)/((-2)/c).
5
Suppose -4*w - 31 = 8*x - 13*x, -5*w - 9 = -2*x. Suppose x*q + 5*y + 677 = 10*q, -1121 = -5*q + y. List the prime factors of q.
2, 7
What are the prime factors of (5 - (-1497)/(-15))*140/(-3)?
2, 7, 79
Suppose 16*c = 18*c. Suppose 1529 = 3*w - 7*p + 6*p, c = 5*w + 6*p - 2579. What are the prime factors of w?
7, 73
Let r = -43 - -48. Suppose -r*v + 4*v = 0. Suppose 2*g + v*g = 134. What are the prime factors of g?
67
Let u be (1 - 36) + -6*8/12. List the prime factors of (-4668)/(-78) + (-6)/u.
2, 3, 5
Let i(u) = 542*u**2 + 70*u + 212. List the prime factors of i(-6).
2, 19, 127
Let l = -2069 - -8426. What are the prime factors of l?
3, 13, 163
What are the prime factors of (953393/21)/7*(15/(-5) + 6)?
19457
Let n(c) = -c**2 + 2*c + 5. Let m be n(0). Suppose m*u - 533 = -2*q - q, -5*q + 885 = 5*u. What are the prime factors of q?
2, 11
Let s(l) = l**3 - 117*l**2 - 19*l - 202. List the prime factors of s(118).
2, 5, 7, 41
Let v(y) be the first derivative of 39*y**2 + 36*y - 57. What are the prime factors of v(5)?
2, 3, 71
Let n be (-6815 + -1)/(-6) - (-2 + 3). Suppose -9*b + n + 2924 = 0. List the prime factors of b.
11, 41
Suppose 4*j - 42 = -2*f, -2*j - 84 = -4*f - 0. Suppose -m + 4*p - 2*p = -f, p = -4*m + 75. Suppose 0 = 14*h - m*h + 915. What are the prime factors of h?
3, 61
Let t(s) = 411*s**3 + 5*s**2 - 67*s + 181. List the prime factors of t(3).
2, 67, 83
Let s(j) = j**3 + 83*j**2 + 62*j - 2244. What are the prime factors of s(-78)?
2, 3, 5, 389
Suppose -4068255 + 6352635 = 272*f - 9277524. List the prime factors of f.
3, 4723
Let t(f) be the first derivative of f**4/4 - f**3/3 - f**2 + 198*f + 117. Let s = 4 - 4. List the prime factors of t(s).
2, 3, 11
Let q(p) = 3*p**3 + 4*p**2 - p + 3. Let u be q(4). Let d = -103 + u. List the prime factors of d.
2, 19
Suppose 4 = 3*o - b + 1, 3*o = 5*b + 3. Let x be ((-4)/10)/(o*(-3)/90). Suppose x*j - 735 = -3*j. List the prime factors of j.
7
Suppose 0*k - 15 = 3*k + 4*b, -3*k + 3*b = 15. Let t be (-2)/13 - (k - 18104/52). Let a = 533 - t. List the prime factors of a.
2, 3, 5
Suppose 5*g - 1393 - 3172 = 0. Let a = g + -435. What are the prime factors of a/4 + (-1)/2?
7, 17
Let v = -270 + 611. Let g = v - 174. List the prime factors of g.
167
Suppose -4*b + b = -5*f + 10, -5 = -f. Suppose 4 = b*j - 11. Suppose j*i = k + 102, 5*k = -4*i + 85 + 51. List the prime factors of i.
2, 17
Suppose -a = 2*m + 2, -2*m - 23 = 3*m - 2*a. Let s be 1206/(-30) + m/(-15). List the prime factors of (-6 - 232/s)/(1/(-145)).
29
What are the prime factors of (7267 + 2)*((-15)/6)/((-39)/26)?
5, 2423
Let m be (-8)/6*1992/(-16). Suppose -y = 2*x - 83, 4*x + m = 4*y - 2*y. What are the prime factors of y?
83
Let c = 59 + -56. Let n(y) = -2*y**c + 6 - 49*y**2 + 42*y**2 + 21*y**2. List the prime factors of n(6).
2, 3, 13
Let v be 3 + 2 - (-66)/6. Suppose g - 1756 = 3*n, -2*g + v*n + 3490 = 21*n. List the prime factors of g.
2, 5, 7
Let y = 47 - 47. Suppose -5*q + h + 2276 + 1725 = y, 4*q = 5*h + 3184. Suppose -2*m = -11*m + q. What are the prime factors of m?
89
Let l(u) = -u + 6. Let f be l(0). Suppose -f = -3*m - 3*g + 2*g, 5*g - 13 = 2*m. List the prime factors of -83*(-5 - -4)/m.
83
What are the prime factors of 30/(-45)*((-4)/6 - 2525875/30)?
56131
Let w = -133 - -140. Suppose 0 = -w*v + 9*v - 732. List the prime factors of v.
2, 3, 61
Let t(r) = -62*r**3 + 23*r**2 - 26*r + 1. Let p(b) = 21*b**3 - 8*b**2 + 9*b. Let m(j) = -17*p(j) - 6*t(j). List the prime factors of m(2).
2, 7
Let l be 102/4*((-1144)/(-39) - 6). Let r = l - 165. What are the prime factors of r?
2, 5, 43
Suppose -2*a + 135 + 7061 = 4*s, -4*a = -s - 14365. List the prime factors of a.
2, 449
Let j = 58 + -59. Let r be (j/(-4)*0)/(-1 - 1). Suppose r = z + 4*p - 37, -3*z + 28 = -p - 57. List the prime factors of z.
29
Let u be (-2)/(-2) - (5 + -4). Suppose 0*f - 5*f + 715 = u. What